{"id":10116,"date":"2024-03-13T12:59:49","date_gmt":"2024-03-13T11:59:49","guid":{"rendered":"https:\/\/www.cosmundus.com\/?page_id=10116"},"modified":"2024-03-13T12:59:50","modified_gmt":"2024-03-13T11:59:50","slug":"marca-fermana","status":"publish","type":"page","link":"https:\/\/www.cosmundus.com\/it\/destinations\/marca-fermana\/","title":{"rendered":"Marca Fermana"},"content":{"rendered":"<p class=\"has-text-align-right\">&lt;&lt;\u00a0<a href=\"https:\/\/www.cosmundus.com\/it\/atlas\/europe\/southern-europe\/italy\/central-italy\/marche\/\">Marche<\/a><\/p>\n\n\n\n<p class=\"translation-block\">Il territorio attorno alla citt\u00e0 di Fermo \u00e8 storicamente conosciuto come Marca Fermana. Questa zona presenta varie piccole citt\u00e0 tra le colline e le montagne, con alcuni punti di riferimento interessanti. La Provincia di Fermo \u00e8 stata separata dalla Provincia di <a href=\"https:\/\/www.cosmundus.com\/it\/destinations\/piceno\/#ascoli-piceno\" class=\"ek-link\" target=\"_self\">Ascoli Piceno<\/a> nel 2004.<\/p>\n\n\n\n<div class=\"wp-block-group\"><div class=\"wp-block-group__inner-container is-layout-constrained wp-block-group-is-layout-constrained\"><div style=\"border: 1px solid #8ed1fc; border-radius: 0%; background-color: inherit; \" class=\"ub-styled-box ub-bordered-box wp-block-ub-styled-box\" id=\"ub-styled-box-2cd8a906-53a5-46ff-918a-fb296c14b9da\">\n<p class=\"has-medium-font-size\" id=\"ub-styled-box-bordered-content-2322a4fd-0908-46b0-87d3-db2132c80094\">Posti da vedere nella Marca Fermana<\/p>\n\n\n<div class=\"wp-block-aioseo-table-of-contents\"><ul><li><a class=\"aioseo-toc-item\" href=\"#fermo\">Fermo<\/a><ul><li><a class=\"aioseo-toc-item\" href=\"#fermo-cathedral\">Duomo di Fermo<\/a><\/li><li><a class=\"aioseo-toc-item\" href=\"#palazzo-dei-priori\">Palazzo dei Priori<\/a><\/li><\/ul><\/li><li><a class=\"aioseo-toc-item\" href=\"#montefortino\">Montefortino<\/a><ul><li><a class=\"aioseo-toc-item\" href=\"#gole-dellinfernaccio\">Gole dell&#8217;Infernaccio<\/a><\/li><\/ul><\/li><\/ul><\/div>\n\n<\/div><\/div><\/div>\n\n\n\n<h2 class=\"wp-block-heading\" id=\"fermo\"><strong>Fermo<\/strong><\/h2>\n\n\n\n<p class=\"translation-block\">Fermo \u00e8 una citt\u00e0 situata tra le colline delle Marche. Fondata in epoca antica, fu una citt\u00e0 romana con il nome <em>Firmum Picenum<\/em>. Nel Medioevo fu prima capitale della Marca di Fermo e poi un libero comune. La citt\u00e0 fu successivamente presa dallo Stato Pontificio e infine divenne parte dell'Italia quando il paese fu unificato. Nel 2004 Fermo \u00e8 diventata capoluogo della propria provincia, dopo essere stata separata da Ascoli Piceno.<\/p>\n\n\n<div class=\"wp-block-ub-divider ub_divider ub-divider-orientation-horizontal\" id=\"ub_divider_73a5d216-e548-4fe2-9776-91666ee7d21e\"><div class=\"ub_divider_wrapper\" style=\"position: relative; margin-bottom: 2px; width: 100%; height: 2px; \" data-divider-alignment=\"center\"><div class=\"ub_divider_line\" style=\"border-top: 2px solid #ccc; margin-top: 2px; \"><\/div><\/div><\/div>\n\n\n<h4 class=\"wp-block-heading\" id=\"fermo-cathedral\"><strong><strong>Duomo di Fermo<\/strong><\/strong><\/h4>\n\n\n\n<p class=\"has-text-align-left translation-block\">Anche noto come: Cattedrale di Santa Maria Assunta<\/p>\n\n\n\n<p class=\"translation-block\">Il Duomo di Fermo \u00e8 la chiesa principale di Fermo, situata sulla cima di una collina al centro della citt\u00e0. L'attuale chiesa fu edificata a partire dal tredicesimo secolo su alcune strutture precedenti e sul sito di un antico tempio. La facciata presenta sia elementi romanici che gotici, mentre l'interno neoclassico ospita varie opere d'arte. La cripta sotto la cattedrale include alcune reliquie e un sarcofago paleocristiano databile intorno al quarto secolo. Alcuni punti panoramici intorno alla chiesa offrono una splendida vista della regione circostante.<\/p>\n\n\n\n<div class=\"wp-block-columns is-layout-flex wp-container-core-columns-is-layout-9d6595d7 wp-block-columns-is-layout-flex\">\n<div class=\"wp-block-column is-layout-flow wp-block-column-is-layout-flow\" style=\"flex-basis:85%\">\n<p>Indirizzo: Via Sisto V, 11, 63900 Fermo FM<br>Coordinate: 43.1611, 13.7168<\/p>\n<\/div>\n\n\n\n<div class=\"wp-block-column is-layout-flow wp-block-column-is-layout-flow\" style=\"flex-basis:15%\">\n<p class=\"has-text-align-right\"><a href=\"https:\/\/maps.app.goo.gl\/1sA1cgyE1Qop2u8v5\" target=\"_blank\" aria-label=\" (opens in a new tab)\" rel=\"noreferrer noopener\" class=\"ek-link\">Google Maps<\/a><\/p>\n<\/div>\n<\/div>\n\n\n<div class=\"wp-block-ub-divider ub_divider ub-divider-orientation-horizontal\" id=\"ub_divider_614d0dfc-28f1-4086-bb8d-c2f96d1c3bc9\"><div class=\"ub_divider_wrapper\" style=\"position: relative; margin-bottom: 2px; width: 100%; height: 2px; \" data-divider-alignment=\"center\"><div class=\"ub_divider_line\" style=\"border-top: 2px solid #ccc; margin-top: 2px; \"><\/div><\/div><\/div>\n\n\n<h4 class=\"wp-block-heading\" id=\"palazzo-dei-priori\"><strong>Palazzo dei Priori<\/strong><\/h4>\n\n\n\n<p class=\"translation-block\">Palazzo dei Priori \u00e8 un palazzo storico a Fermo. L'edificio ha origine nel Tardo Medioevo e fu pi\u00f9 volte ampliato e rimaneggiato. Il palazzo ospita una pinacoteca, che comprende un dipinto di Rubens, e un'antica biblioteca con la <em>Sala del Mappamondo<\/em>, una sala che ospita un mappamondo del diciottesimo secolo.<\/p>\n\n\n\n<div class=\"wp-block-columns is-layout-flex wp-container-core-columns-is-layout-9d6595d7 wp-block-columns-is-layout-flex\">\n<div class=\"wp-block-column is-layout-flow wp-block-column-is-layout-flow\" style=\"flex-basis:85%\">\n<p>Indirizzo: Piazza del Popolo, 63900 Fermo FM<br>Coordinate: 43.1617, 13.7184<\/p>\n<\/div>\n\n\n\n<div class=\"wp-block-column is-layout-flow wp-block-column-is-layout-flow\" style=\"flex-basis:15%\">\n<p class=\"has-text-align-right\"><a href=\"https:\/\/maps.app.goo.gl\/WJJHyByvf2z78qwW8\" target=\"_blank\" aria-label=\" (opens in a new tab)\" rel=\"noreferrer noopener\" class=\"ek-link\">Google Maps<\/a><\/p>\n<\/div>\n<\/div>\n\n\n<div style=\"margin-top: var(--wp--preset--spacing--40); margin-bottom: var(--wp--preset--spacing--40); \" class=\"wp-block-ub-divider ub_divider ub-divider-orientation-horizontal\" id=\"ub_divider_80f7c2bf-3ca5-4a3f-bc97-edd78ff09ed2\"><div class=\"ub_divider_wrapper\" style=\"position: relative; margin-bottom: 10px; width: 100%; height: 10px; \" data-divider-alignment=\"center\"><div class=\"ub_divider_line\" style=\"border-top: 2px solid #000000; margin-top: 10px; \"><\/div><\/div><\/div>\n\n\n<h2 class=\"wp-block-heading\" id=\"montefortino\"><strong>Montefortino<\/strong><\/h2>\n\n\n\n<p class=\"translation-block\">Montefortino \u00e8 un piccolo paesino situato ai piedi dei Monti Sibillini in Provincia di Fermo.<\/p>\n\n\n<div class=\"wp-block-ub-divider ub_divider ub-divider-orientation-horizontal\" id=\"ub_divider_a68310bb-3608-4133-a04e-27541726c943\"><div class=\"ub_divider_wrapper\" style=\"position: relative; margin-bottom: 2px; width: 100%; height: 2px; \" data-divider-alignment=\"center\"><div class=\"ub_divider_line\" style=\"border-top: 2px solid #ccc; margin-top: 2px; \"><\/div><\/div><\/div>\n\n\n<h4 class=\"wp-block-heading\" id=\"gole-dellinfernaccio\"><strong>Gole dell&#8217;Infernaccio<\/strong><\/h4>\n\n\n\n<p class=\"translation-block\">Le Gole dell'Infernaccio sono una serie di gole naturali nei Monti Sibillini vicino a Montefortino. La zona \u00e8 nota per le sue bellezze naturali ed \u00e8 una popolare destinazione escursionistica. Tra le gole si trovano alcune attrazioni interessanti, come un arco naturale noto come <strong>Tempio della Sibilla<\/strong>.<\/p>\n\n\n\n<div class=\"wp-block-columns is-layout-flex wp-container-core-columns-is-layout-9d6595d7 wp-block-columns-is-layout-flex\">\n<div class=\"wp-block-column is-layout-flow wp-block-column-is-layout-flow\" style=\"flex-basis:85%\">\n<p>Indirizzo: Gola dell\u2019Infernaccio, 63858 Montefortino FM<br>Coordinate: 42.9210, 13.2788<\/p>\n<\/div>\n\n\n\n<div class=\"wp-block-column is-layout-flow wp-block-column-is-layout-flow\" style=\"flex-basis:15%\">\n<p class=\"has-text-align-right\"><a href=\"https:\/\/maps.app.goo.gl\/VNBszm8SgTkz9sXdA\" target=\"_blank\" aria-label=\" (opens in a new tab)\" rel=\"noreferrer noopener\" class=\"ek-link\">Google Maps<\/a><\/p>\n<\/div>\n<\/div>","protected":false},"excerpt":{"rendered":"<p>&lt;&lt;\u00a0Marche The territory around the city of Fermo is historically known as Marca Fermana. This area features various small towns among the hills and mountains, with a few interesting landmarks. The Province of Fermo was separated from the Province of Ascoli Piceno in 2004. Fermo Fermo is a city located among the hills of Marche. Founded in ancient times, it was a Roman town with the name Firmum Picenum. During the Middle Ages it was first the capital of the March of Fermo and then a free comune. The city was eventually taken by the Papal States and finally became part of Italy when the country was unified. In 2004, Fermo became the capital of its own province, after being separated from Ascoli Piceno. Fermo Cathedral Also known as: Cathedral of Santa Maria Assunta (Cattedrale di Santa Maria Assunta) The Fermo Cathedral (Duomo di Fermo) is the main church of Fermo, located on top of a hill at the center of the city. The current church was built starting in the 13th century over some previous structures and on the site of an ancient temple. The facade features a blend of Romanesque and Gothic elements while the Neoclassical interior houses various artworks. The crypt under the cathedral hosts some relics and a Paleochristian sarcophagus dating from around the 4th century. Some panoramic points around the church offer a great view of the surrounding region. Address: Via Sisto V, 11, 63900 Fermo FMCoordinates: 43.1611, 13.7168 Google Maps Palazzo dei Priori Palazzo dei Priori is a historic palace in Fermo. The building has its origins in the Late Middle Ages and was expanded and reworked various times. The palace houses an art gallery, which includes a painting by Rubens, and an ancient library featuring the Sala del Mappamondo, a hall hosting an 18th-century globe. Address: Piazza del Popolo, 63900 Fermo FMCoordinates: 43.1617, 13.7184 Google Maps Montefortino Montefortino is a tiny town located at the foot of the Sibillini Mountains in the Province of Fermo. Gole dell&#8217;Infernaccio The Gole dell&#8217;Infernaccio are a series of natural gorges in the Sibillini Mountains near Montefortino. The area is known for its natural beauty and it is a popular hiking destination. A few interesting attractions are located among the gorges, such as a natural arch known as Temple of the Sibyl (Tempio della Sibilla). Address: Gola dell&#8217;Infernaccio, 63858 Montefortino FMCoordinates: 42.9210, 13.2788 Google Maps<\/p>","protected":false},"author":1,"featured_media":0,"parent":932,"menu_order":0,"comment_status":"closed","ping_status":"closed","template":"","meta":{"_editorskit_title_hidden":false,"_editorskit_reading_time":0,"_editorskit_is_block_options_detached":false,"_editorskit_block_options_position":"{}","om_disable_all_campaigns":false,"_uag_custom_page_level_css":"","advgb_blocks_editor_width":"","advgb_blocks_columns_visual_guide":"","_monsterinsights_skip_tracking":false,"_monsterinsights_sitenote_active":false,"_monsterinsights_sitenote_note":"","_monsterinsights_sitenote_category":0,"footnotes":""},"class_list":["post-10116","page","type-page","status-publish","hentry"],"aioseo_notices":[],"featured_image_src":null,"uagb_featured_image_src":{"full":false,"thumbnail":false,"medium":false,"medium_large":false,"large":false,"1536x1536":false,"2048x2048":false,"trp-custom-language-flag":false,"xs-thumb":false,"post-thumbnail":false,"minimalistblogger-grid":false,"minimalistblogger-slider":false,"minimalistblogger-small":false},"uagb_author_info":{"display_name":"Stefano Cammisa","author_link":"https:\/\/www.cosmundus.com\/it\/author\/stefano-cammisa\/"},"uagb_comment_info":0,"uagb_excerpt":"&lt;&lt;\u00a0Marche The territory around the city of Fermo is historically known as Marca Fermana. This area features various small towns among the hills and mountains, with a few interesting landmarks. The Province of Fermo was separated from the Province of Ascoli Piceno in 2004. Fermo Fermo is a city located among the hills of Marche.&hellip;","coauthors":[],"author_meta":{"author_link":"https:\/\/www.cosmundus.com\/it\/author\/stefano-cammisa\/","display_name":"Stefano Cammisa"},"relative_dates":{"created":"Pubblicato 2 anni fa","modified":"Aggiornato 2 anni fa"},"absolute_dates":{"created":"Pubblicato il 13 Marzo 2024","modified":"Aggiornato il 13 Marzo 2024"},"absolute_dates_time":{"created":"Pubblicato il 13 Marzo 2024 12:59 pm","modified":"Aggiornato il 13 Marzo 2024 12:59 pm"},"featured_img_caption":"","featured_img":false,"series_order":"","_links":{"self":[{"href":"https:\/\/www.cosmundus.com\/it\/wp-json\/wp\/v2\/pages\/10116","targetHints":{"allow":["GET"]}}],"collection":[{"href":"https:\/\/www.cosmundus.com\/it\/wp-json\/wp\/v2\/pages"}],"about":[{"href":"https:\/\/www.cosmundus.com\/it\/wp-json\/wp\/v2\/types\/page"}],"author":[{"embeddable":true,"href":"https:\/\/www.cosmundus.com\/it\/wp-json\/wp\/v2\/users\/1"}],"replies":[{"embeddable":true,"href":"https:\/\/www.cosmundus.com\/it\/wp-json\/wp\/v2\/comments?post=10116"}],"version-history":[{"count":1,"href":"https:\/\/www.cosmundus.com\/it\/wp-json\/wp\/v2\/pages\/10116\/revisions"}],"predecessor-version":[{"id":10137,"href":"https:\/\/www.cosmundus.com\/it\/wp-json\/wp\/v2\/pages\/10116\/revisions\/10137"}],"up":[{"embeddable":true,"href":"https:\/\/www.cosmundus.com\/it\/wp-json\/wp\/v2\/pages\/932"}],"wp:attachment":[{"href":"https:\/\/www.cosmundus.com\/it\/wp-json\/wp\/v2\/media?parent=10116"}],"curies":[{"name":"wp","href":"https:\/\/api.w.org\/{rel}","templated":true}]}}

<p class="has-text-align-right">&lt;&lt; <a href="https://www.cosmundus.com/it/atlas/europe/southern-europe/italy/central-italy/marche/">Marche</a></p>



<p class="translation-block">Il territorio attorno alla città di Fermo è storicamente conosciuto come Marca Fermana. Questa zona presenta varie piccole città tra le colline e le montagne, con alcuni punti di riferimento interessanti. La Provincia di Fermo è stata separata dalla Provincia di <a href="https://www.cosmundus.com/it/destinations/piceno/#ascoli-piceno" class="ek-link" target="_self">Ascoli Piceno</a> nel 2004.</p>



<div class="wp-block-group"><div class="wp-block-group__inner-container is-layout-constrained wp-block-group-is-layout-constrained"><div style="border: 1px solid #8ed1fc; border-radius: 0%; background-color: inherit; " class="ub-styled-box ub-bordered-box wp-block-ub-styled-box" id="ub-styled-box-2cd8a906-53a5-46ff-918a-fb296c14b9da">
<p class="has-medium-font-size" id="ub-styled-box-bordered-content-2322a4fd-0908-46b0-87d3-db2132c80094">Posti da vedere nella Marca Fermana</p>


<div class="wp-block-aioseo-table-of-contents"><ul><li><a class="aioseo-toc-item" href="#fermo">Fermo</a><ul><li><a class="aioseo-toc-item" href="#fermo-cathedral">Duomo di Fermo</a></li><li><a class="aioseo-toc-item" href="#palazzo-dei-priori">Palazzo dei Priori</a></li></ul></li><li><a class="aioseo-toc-item" href="#montefortino">Montefortino</a><ul><li><a class="aioseo-toc-item" href="#gole-dellinfernaccio">Gole dell&#8217;Infernaccio</a></li></ul></li></ul></div>

</div></div></div>



<h2 class="wp-block-heading" id="fermo"><strong>Fermo</strong></h2>



<p class="translation-block">Fermo è una città situata tra le colline delle Marche. Fondata in epoca antica, fu una città romana con il nome <em>Firmum Picenum</em>. Nel Medioevo fu prima capitale della Marca di Fermo e poi un libero comune. La città fu successivamente presa dallo Stato Pontificio e infine divenne parte dell'Italia quando il paese fu unificato. Nel 2004 Fermo è diventata capoluogo della propria provincia, dopo essere stata separata da Ascoli Piceno.</p>


<div class="wp-block-ub-divider ub_divider ub-divider-orientation-horizontal" id="ub_divider_73a5d216-e548-4fe2-9776-91666ee7d21e"><div class="ub_divider_wrapper" style="position: relative; margin-bottom: 2px; width: 100%; height: 2px; " data-divider-alignment="center"><div class="ub_divider_line" style="border-top: 2px solid #ccc; margin-top: 2px; "></div></div></div>


<h4 class="wp-block-heading" id="fermo-cathedral"><strong><strong>Duomo di Fermo</strong></strong></h4>



<p class="has-text-align-left translation-block">Anche noto come: Cattedrale di Santa Maria Assunta</p>



<p class="translation-block">Il Duomo di Fermo è la chiesa principale di Fermo, situata sulla cima di una collina al centro della città. L'attuale chiesa fu edificata a partire dal tredicesimo secolo su alcune strutture precedenti e sul sito di un antico tempio. La facciata presenta sia elementi romanici che gotici, mentre l'interno neoclassico ospita varie opere d'arte. La cripta sotto la cattedrale include alcune reliquie e un sarcofago paleocristiano databile intorno al quarto secolo. Alcuni punti panoramici intorno alla chiesa offrono una splendida vista della regione circostante.</p>



<div class="wp-block-columns is-layout-flex wp-container-core-columns-is-layout-9d6595d7 wp-block-columns-is-layout-flex">
<div class="wp-block-column is-layout-flow wp-block-column-is-layout-flow" style="flex-basis:85%">
<p>Indirizzo: Via Sisto V, 11, 63900 Fermo FM<br>Coordinate: 43.1611, 13.7168</p>
</div>



<div class="wp-block-column is-layout-flow wp-block-column-is-layout-flow" style="flex-basis:15%">
<p class="has-text-align-right"><a href="https://maps.app.goo.gl/1sA1cgyE1Qop2u8v5" target="_blank" aria-label=" (opens in a new tab)" rel="noreferrer noopener" class="ek-link">Google Maps</a></p>
</div>
</div>


<div class="wp-block-ub-divider ub_divider ub-divider-orientation-horizontal" id="ub_divider_614d0dfc-28f1-4086-bb8d-c2f96d1c3bc9"><div class="ub_divider_wrapper" style="position: relative; margin-bottom: 2px; width: 100%; height: 2px; " data-divider-alignment="center"><div class="ub_divider_line" style="border-top: 2px solid #ccc; margin-top: 2px; "></div></div></div>


<h4 class="wp-block-heading" id="palazzo-dei-priori"><strong>Palazzo dei Priori</strong></h4>



<p class="translation-block">Palazzo dei Priori è un palazzo storico a Fermo. L'edificio ha origine nel Tardo Medioevo e fu più volte ampliato e rimaneggiato. Il palazzo ospita una pinacoteca, che comprende un dipinto di Rubens, e un'antica biblioteca con la <em>Sala del Mappamondo</em>, una sala che ospita un mappamondo del diciottesimo secolo.</p>



<div class="wp-block-columns is-layout-flex wp-container-core-columns-is-layout-9d6595d7 wp-block-columns-is-layout-flex">
<div class="wp-block-column is-layout-flow wp-block-column-is-layout-flow" style="flex-basis:85%">
<p>Indirizzo: Piazza del Popolo, 63900 Fermo FM<br>Coordinate: 43.1617, 13.7184</p>
</div>



<div class="wp-block-column is-layout-flow wp-block-column-is-layout-flow" style="flex-basis:15%">
<p class="has-text-align-right"><a href="https://maps.app.goo.gl/WJJHyByvf2z78qwW8" target="_blank" aria-label=" (opens in a new tab)" rel="noreferrer noopener" class="ek-link">Google Maps</a></p>
</div>
</div>


<div style="margin-top: var(--wp--preset--spacing--40); margin-bottom: var(--wp--preset--spacing--40); " class="wp-block-ub-divider ub_divider ub-divider-orientation-horizontal" id="ub_divider_80f7c2bf-3ca5-4a3f-bc97-edd78ff09ed2"><div class="ub_divider_wrapper" style="position: relative; margin-bottom: 10px; width: 100%; height: 10px; " data-divider-alignment="center"><div class="ub_divider_line" style="border-top: 2px solid #000000; margin-top: 10px; "></div></div></div>


<h2 class="wp-block-heading" id="montefortino"><strong>Montefortino</strong></h2>



<p class="translation-block">Montefortino è un piccolo paesino situato ai piedi dei Monti Sibillini in Provincia di Fermo.</p>


<div class="wp-block-ub-divider ub_divider ub-divider-orientation-horizontal" id="ub_divider_a68310bb-3608-4133-a04e-27541726c943"><div class="ub_divider_wrapper" style="position: relative; margin-bottom: 2px; width: 100%; height: 2px; " data-divider-alignment="center"><div class="ub_divider_line" style="border-top: 2px solid #ccc; margin-top: 2px; "></div></div></div>


<h4 class="wp-block-heading" id="gole-dellinfernaccio"><strong>Gole dell&#8217;Infernaccio</strong></h4>



<p class="translation-block">Le Gole dell'Infernaccio sono una serie di gole naturali nei Monti Sibillini vicino a Montefortino. La zona è nota per le sue bellezze naturali ed è una popolare destinazione escursionistica. Tra le gole si trovano alcune attrazioni interessanti, come un arco naturale noto come <strong>Tempio della Sibilla</strong>.</p>



<div class="wp-block-columns is-layout-flex wp-container-core-columns-is-layout-9d6595d7 wp-block-columns-is-layout-flex">
<div class="wp-block-column is-layout-flow wp-block-column-is-layout-flow" style="flex-basis:85%">
<p>Indirizzo: Gola dell’Infernaccio, 63858 Montefortino FM<br>Coordinate: 42.9210, 13.2788</p>
</div>



<div class="wp-block-column is-layout-flow wp-block-column-is-layout-flow" style="flex-basis:15%">
<p class="has-text-align-right"><a href="https://maps.app.goo.gl/VNBszm8SgTkz9sXdA" target="_blank" aria-label=" (opens in a new tab)" rel="noreferrer noopener" class="ek-link">Google Maps</a></p>
</div>
</div>
